of 24 and a.
8
Let h = -172 + 328. Calculate the greatest common divisor of 104 and h.
52
Let s(d) = -d**2 + 10*d - 3. Let r be s(4). Suppose -5*l = z - 7, 0 = -5*z + 2*l + 95 + r. Calculate the highest common factor of 55 and z.
11
Let c(g) = -g**3 + 5*g - 5. Let a be c(7). Let y = -201 - a. Calculate the highest common factor of y and 14.
14
Let q(f) = f**3 - 4*f**2 - 8*f + 5. Let s be q(5). Let l be (s/(-12))/((-3)/(-18)). What is the greatest common factor of 25 and l?
5
Suppose -q - 4 = 3*q. Let v be q/3 + (-26)/(-6). Suppose -t + 3*t = -v*h + 252, -675 = -5*t + 5*h. Calculate the highest common divisor of 12 and t.
12
Suppose -2*l + n - 12 = 0, -3*l - 18 = n + 2*n. Let u be (-40)/(-12) - 4/l. Let s = 39 + -3. Calculate the highest common divisor of u and s.
4
Let p be 2/(13/6 - 2). Suppose 0*v + v - 6 = 0. Let r(y) = 21*y + 6. Let f be r(v). Calculate the highest common factor of f and p.
12
Let v(b) = 14*b + 34. Let s(g) = -3*g - 7. Let f(u) = -11*s(u) - 2*v(u). Let a be f(6). Calculate the highest common factor of a and 26.
13
Suppose -16 = 3*m + m. Let f be 1/m + 175/28. Suppose f*o - 4*o - 18 = 0. Calculate the greatest common divisor of 6 and o.
3
Let q(l) = 18*l**2 + 2*l - 3. Let j be q(3). Calculate the highest common factor of 15 and j.
15
Let y be ((-11)/(44/40))/((-4)/6). What is the greatest common factor of 15 and y?
15
Suppose 96 = 5*x - i, -5*i - 14 = -34. Calculate the greatest common divisor of x and 5.
5
Let v be (-3 + 0)/((-5)/90). Calculate the highest common divisor of v and 18.
18
Let a(u) = -u - 6. Let h be a(-6). Suppose -j + 1 = -h*j. Calculate the highest common divisor of 4 and j.
1
Suppose -225 = -j - 4*j. Suppose 38*a = 40*a - 36. What is the highest common divisor of j and a?
9
Let t = -5 - -10. Suppose 0 = -a + 17 - t. Calculate the greatest common factor of 48 and a.
12
Let a(v) = 2*v**2 + 4. Let f be a(3). Let o be (-1)/((4/(-2))/(-2)). Let p be 2/3*(o + f). Calculate the greatest common divisor of p and 7.
7
Suppose r - j = 0, -2*r + 1 + 3 = -4*j. Let i = r - -5. Let l(x) = x**3 + x**2 - 2*x - 2. Let q be l(i). Calculate the highest common factor of q and 14.
14
Suppose -4*c + 307 - 243 = 0. What is the greatest common divisor of 96 and c?
16
Let s be (-334)/(-8) - (-2)/8. Let i = s - 4. Suppose i = -j + 113. Calculate the greatest common factor of j and 15.
15
Let r be -2 + (1 - 0) + 4. Let x be 30 - (0 + 9/(-1 + -2)). What is the greatest common divisor of x and r?
3
Suppose -10*z = -9*z. Let k = z + 16. What is the highest common factor of k and 80?
16
Let d be (-30)/75*(-6 - -1). Let g be ((-1)/d)/(17/(-850)). Calculate the highest common divisor of 150 and g.
25
Suppose 0 = 3*x + 2*x + 5, 2*i + x = 195. Suppose -4*v = -3*y + 8*y - 232, v + i = 2*y. Suppose 2*l = -2*l + 64. What is the greatest common factor of y and l?
16
Suppose -5*g + 25 = -0*g. Suppose -g*p = j - p - 68, j + 2*p = 62. What is the highest common factor of j and 7?
7
Let m be (-6)/9 + 47/3. Let i(f) = -f**2 + 15*f + 9. Let y be i(12). Calculate the greatest common factor of y and m.
15
Let t = 13 - 6. Suppose -t = -2*a + 2*u + 49, -84 = -3*a - u. Calculate the highest common divisor of 42 and a.
14
Let x(k) be the second derivative of -k**3/6 - 7*k**2/2 - k. Let v be x(-6). Let j be 244/24 - v/(-6). Calculate the highest common divisor of j and 25.
5
Let t be (-63)/(-4) - (-1)/4. Suppose -42 = -17*m + 230. What is the greatest common factor of m and t?
16
Let r(i) = 6*i**2 - 2. Let a be r(2). Suppose -5*q - a = -57. Suppose 2*p - 3 = q. What is the greatest common factor of p and 5?
5
Let w = -5 - -33. Calculate the highest common divisor of 70 and w.
14
Let k = 37 - 27. Calculate the greatest common divisor of 70 and k.
10
Suppose 7 + 8 = 5*k. Suppose -k*u = u. Suppose 3*o - 2*t - 142 = u, -4*o - 5*t = -10 - 210. What is the highest common divisor of 5 and o?
5
Suppose 11 = 4*k - 85. Suppose d - 2*d - 4 = -2*s, -2*s = 4*d - k. Let r be 24/(-60)*10/(-4). What is the highest common divisor of s and r?
1
Suppose -5*u - 5*j + 110 = -45, 4*j = -3*u + 97. Suppose f + 405 = 4*f. Calculate the greatest common divisor of f and u.
27
Let b be (-48)/(-21) - 6/21. Suppose -m + 3*m = b*g + 34, 0 = m + g - 7. Suppose 60 = 7*u - 2*u. What is the greatest common factor of u and m?
12
Let q(t) = -6*t + 1. Let n be q(-1). Let m(b) = -7*b + b**2 - 2 - 1 + 12. Let j be m(n). Calculate the highest common divisor of j and 36.
9
Let y(v) = v**2 + v. Let t(g) = 6*g**2 + 6*g + 3. Let f(u) = t(u) - 5*y(u). Let k be f(-7). What is the greatest common divisor of 9 and k?
9
Let z = -624 - -1053. Let m = z - 297. Calculate the greatest common factor of m and 12.
12
Let m = -16 - -19. What is the highest common divisor of 18 and m?
3
Let u be (-18)/4*48/(-18). What is the greatest common factor of u and 24?
12
Let k be (-32)/(-24)*(-3)/(-2). Suppose 6*w - 80 = k*w. What is the highest common factor of 10 and w?
10
Let q be ((-5)/(-10))/((-2)/(-56)). Calculate the greatest common factor of 21 and q.
7
Suppose 14 = z - 18. What is the greatest common divisor of z and 4?
4
Let u be (-3)/(-12) + 14/8. Suppose -2*r = -10, 6*n - 8 = 3*n + 2*r. Calculate the greatest common factor of u and n.
2
Let h(k) = -k**3 - 3*k**2 - 3*k - 1. Let t be h(-4). Let g = t - 19. What is the greatest common divisor of g and 24?
8
Suppose 3*g + 819 = 5*v, 0 = -3*v + 2*v + 2*g + 161. Let j = -34 + 49. Calculate the highest common divisor of j and v.
15
Let q be 3/(-1)*(-2 + 1). Suppose q*i + 1 = 7. What is the highest common factor of 8 and i?
2
Suppose 4*b + 55 = -b. Let x = 1 + 22. Let p = b + x. Calculate the greatest common factor of 84 and p.
12
Suppose -95 = -15*y + 10*y. Let o be (1 - -170)/(0 - -1). Calculate the greatest common factor of y and o.
19
Let h(s) = s**3 - s**2 - 4*s + 4. Let p be h(5). Let n be (-3 + -4)*(-36)/21. Calculate the highest common divisor of n and p.
12
Let m = 3 - -13. Let i = m + -15. What is the greatest common factor of i and 7?
1
Suppose 3*m + r = 5*r + 15, 5*r = 0. Suppose -3*n + m*z = 3*z - 82, -2*z = 10. What is the greatest common divisor of 6 and n?
6
Suppose -m - 8 = -5*y + 8, -4*m = 4. Let t be 2/(-4)*(y - 147). Calculate the highest common factor of t and 9.
9
Suppose -3*w = -0*w - 4*s - 105, 141 = 4*w - 5*s. What is the highest common factor of w and 13?
13
Let y(o) = -o**2 - o + 12. Let a be y(0). Suppose -5*s + a = -3*s. Calculate the greatest common factor of 6 and s.
6
Suppose 112 = 3*h + h. Suppose -13*r = -4*r - 63. What is the greatest common factor of h and r?
7
Let b be (-1)/(-2 - (-111)/57). Calculate the highest common factor of b and 171.
19
Let m be -3 + (-3)/(3/17). Let d = 24 + m. Calculate the greatest common divisor of 12 and d.
4
Let z = -31 - -33. Calculate the greatest common divisor of z and 20.
2
Suppose 55 = 6*q - 11*q. Let a(r) = -8*r + 0*r + 12 + r + r**3 - 6*r + 10*r**2. Let j be a(q). Calculate the highest common factor of 17 and j.
17
Suppose 5*a - 9 = -4*x + 10, 2*x = 4*a + 16. Let f = -5 + x. What is the highest common factor of 11 and f?
1
Suppose -2*h = 3*w - 8*w - 5, 0 = 4*h - 4*w - 16. Suppose -5*c + 0*c - 2*d = -50, -25 = h*d. What is the highest common factor of 8 and c?
4
Let m be 8/(-6)*18/(-24). Calculate the highest common divisor of m and 4.
1
Suppose -5*n + 110 = 5*n. Suppose 5*o - 142 = -3*b, 3*o + 4 = 5*o. Calculate the highest common factor of b and n.
11
Let z = 44 - 22. Suppose -5*t + 23 = -z. Let x = -4 + t. Calculate the greatest common factor of 20 and x.
5
Suppose -4*l = 141 - 477. Calculate the highest common factor of 28 and l.
28
Let m(l) = -l**2 - 20*l - 47. Let g be m(-16). Suppose 0 = 3*i + 4*n - 587 + 163, i - 152 = -4*n. Calculate the greatest common factor of g and i.
17
Suppose 2*u + 2*t - 7 = -3, -6 = -4*u - 2*t. Suppose 4*w = 5*w - 7. What is the greatest common divisor of u and w?
1
Suppose -3*o = -4*o + 38. Calculate the highest common divisor of 152 and o.
38
Let d(w) = -w + 18. Let v be d(0). Suppose v = -a - a. Let g be 120/(3 + a/6). Calculate the highest common factor of 10 and g.
10
Let q(u) = -5*u**3 + u**2 + 3*u - 4. Let c be q(-3). Let g = c - 55. Suppose -b = -g - 36. Calculate the greatest common divisor of b and 16.
16
Let o = 9 - 3. What is the highest common f